{"version":"1.0","provider_name":"Der Arzneimittelbrief","provider_url":"https:\/\/www.der-arzneimittelbrief.de\/nachrichten","author_name":"henk-amb","author_url":"","title":"Therapieans\u00e4tze beim Post-COVID-Syndrom [CME] - Der Arzneimittelbrief","type":"rich","width":600,"height":338,"html":"<blockquote class=\"wp-embedded-content\" data-secret=\"zcvMkrbDvc\"><a href=\"https:\/\/www.der-arzneimittelbrief.de\/nachrichten\/therapieansaetze-beim-post-covid-syndrom-cme\/\">Therapieans\u00e4tze beim Post-COVID-Syndrom [CME]<\/a><\/blockquote><iframe sandbox=\"allow-scripts\" security=\"restricted\" src=\"https:\/\/www.der-arzneimittelbrief.de\/nachrichten\/therapieansaetze-beim-post-covid-syndrom-cme\/embed\/#?secret=zcvMkrbDvc\" width=\"600\" height=\"338\" title=\"&#8222;Therapieans\u00e4tze beim Post-COVID-Syndrom [CME]&#8220; &#8211; Der Arzneimittelbrief\" data-secret=\"zcvMkrbDvc\" frameborder=\"0\" marginwidth=\"0\" marginheight=\"0\" scrolling=\"no\" class=\"wp-embedded-content\"><\/iframe><script type=\"text\/javascript\">\n\/* <![CDATA[ *\/\n\/*! This file is auto-generated *\/\n!function(d,l){\"use strict\";l.querySelector&&d.addEventListener&&\"undefined\"!=typeof URL&&(d.wp=d.wp||{},d.wp.receiveEmbedMessage||(d.wp.receiveEmbedMessage=function(e){var t=e.data;if((t||t.secret||t.message||t.value)&&!\/[^a-zA-Z0-9]\/.test(t.secret)){for(var s,r,n,a=l.querySelectorAll('iframe[data-secret=\"'+t.secret+'\"]'),o=l.querySelectorAll('blockquote[data-secret=\"'+t.secret+'\"]'),c=new RegExp(\"^https?:$\",\"i\"),i=0;i<o.length;i++)o[i].style.display=\"none\";for(i=0;i<a.length;i++)s=a[i],e.source===s.contentWindow&&(s.removeAttribute(\"style\"),\"height\"===t.message?(1e3<(r=parseInt(t.value,10))?r=1e3:~~r<200&&(r=200),s.height=r):\"link\"===t.message&&(r=new URL(s.getAttribute(\"src\")),n=new URL(t.value),c.test(n.protocol))&&n.host===r.host&&l.activeElement===s&&(d.top.location.href=t.value))}},d.addEventListener(\"message\",d.wp.receiveEmbedMessage,!1),l.addEventListener(\"DOMContentLoaded\",function(){for(var e,t,s=l.querySelectorAll(\"iframe.wp-embedded-content\"),r=0;r<s.length;r++)(t=(e=s[r]).getAttribute(\"data-secret\"))||(t=Math.random().toString(36).substring(2,12),e.src+=\"#?secret=\"+t,e.setAttribute(\"data-secret\",t)),e.contentWindow.postMessage({message:\"ready\",secret:t},\"*\")},!1)))}(window,document);\n\/\/# sourceURL=https:\/\/www.der-arzneimittelbrief.de\/nachrichten\/wp-includes\/js\/wp-embed.min.js\n\/* ]]> *\/\n<\/script>\n","description":"Die sehr vielf\u00e4ltigen COVID-Folgeerkrankungen besch\u00e4ftigen \u00c4rztinnen und \u00c4rzte, Sozialversicherungen, Arbeitgeber und die Gesundheitspolitik. Laut Robert Koch-Institut (RKI) berichten 6,5% der Betroffenen 6 bis 12 Monate nach einer SARS-CoV-2-Infektion \u00fcber gesundheitliche St\u00f6rungen mit Einschr\u00e4nkungen in ihren gewohnten Leistungs- und Funktionsf\u00e4higkeiten im Alltag . Die volkswirtschaftlichen Auswirkungen sind bedeutsam. Nach Angaben einer gro\u00dfen gesetzlichen Krankenkasse in Deutschland wurden [\u2026]","thumbnail_url":"http:\/\/www.der-arzneimittelbrief.de\/nachrichten\/wp-content\/uploads\/2014\/01\/2_Studi_Banner_AMB_NEU.jpg"}

Therapieansätze beim Post-COVID-Syndrom [CME] - Der Arzneimittelbrief

<blockquote class="wp-embedded-content" data-secret="zcvMkrbDvc"><a href="https://www.der-arzneimittelbrief.de/nachrichten/therapieansaetze-beim-post-covid-syndrom-cme/">Therapieansätze beim Post-COVID-Syndrom [CME]</a></blockquote><iframe sandbox="allow-scripts" security="restricted" src="https://www.der-arzneimittelbrief.de/nachrichten/therapieansaetze-beim-post-covid-syndrom-cme/embed/#?secret=zcvMkrbDvc" width="600" height="338" title="&#8222;Therapieansätze beim Post-COVID-Syndrom [CME]&#8220; &#8211; Der Arzneimittelbrief" data-secret="zcvMkrbDvc" frameborder="0" marginwidth="0" marginheight="0" scrolling="no" class="wp-embedded-content"></iframe><script type="text/javascript">
/* <![CDATA[ */
/*! This file is auto-generated */
!function(d,l){"use strict";l.querySelector&&d.addEventListener&&"undefined"!=typeof URL&&(d.wp=d.wp||{},d.wp.receiveEmbedMessage||(d.wp.receiveEmbedMessage=function(e){var t=e.data;if((t||t.secret||t.message||t.value)&&!/[^a-zA-Z0-9]/.test(t.secret)){for(var s,r,n,a=l.querySelectorAll('iframe[data-secret="'+t.secret+'"]'),o=l.querySelectorAll('blockquote[data-secret="'+t.secret+'"]'),c=new RegExp("^https?:$","i"),i=0;i<o.length;i++)o[i].style.display="none";for(i=0;i<a.length;i++)s=a[i],e.source===s.contentWindow&&(s.removeAttribute("style"),"height"===t.message?(1e3<(r=parseInt(t.value,10))?r=1e3:~~r<200&&(r=200),s.height=r):"link"===t.message&&(r=new URL(s.getAttribute("src")),n=new URL(t.value),c.test(n.protocol))&&n.host===r.host&&l.activeElement===s&&(d.top.location.href=t.value))}},d.addEventListener("message",d.wp.receiveEmbedMessage,!1),l.addEventListener("DOMContentLoaded",function(){for(var e,t,s=l.querySelectorAll("iframe.wp-embedded-content"),r=0;r<s.length;r++)(t=(e=s[r]).getAttribute("data-secret"))||(t=Math.random().toString(36).substring(2,12),e.src+="#?secret="+t,e.setAttribute("data-secret",t)),e.contentWindow.postMessage({message:"ready",secret:t},"*")},!1)))}(window,document);
//# sourceURL=https://www.der-arzneimittelbrief.de/nachrichten/wp-includes/js/wp-embed.min.js
/* ]]> */
</script>

Die sehr vielfältigen COVID-Folgeerkrankungen beschäftigen Ärztinnen und Ärzte, Sozialversicherungen, Arbeitgeber und die Gesundheitspolitik. Laut Robert Koch-Institut (RKI) berichten 6,5% der Betroffenen 6 bis 12 Monate nach einer SARS-CoV-2-Infektion über gesundheitliche Störungen mit Einschränkungen in ihren gewohnten Leistungs- und Funktionsfähigkeiten im Alltag . Die volkswirtschaftlichen Auswirkungen sind bedeutsam. Nach Angaben einer großen gesetzlichen Krankenkasse in Deutschland wurden […]
